8?
True
Is 6825 a factor of 367949400?
True
Is 37 a factor of 38101065?
False
Is 5372175 a multiple of 15?
True
Is 47657337 a multiple of 273?
True
Does 42 divide 1951139003?
False
Does 1680 divide 28983360?
True
Is 2002 a factor of 185802204?
False
Is 789776520 a multiple of 1004?
True
Is 2176 a factor of 7931803?
False
Is 125 a factor of 1279135500?
True
Is 86886360 a multiple of 29?
False
Is 10344554 even?
True
Does 9 divide 714987?
True
Is 961169392 a multiple of 584?
True
Does 3 divide 20458955?
False
Does 14 divide 496209741?
False
Does 2939 divide 170344994?
False
Is 106334225 a multiple of 59?
True
Is 7520 a factor of 558422074?
False
Is 12717174 a multiple of 1893?
True
Is 911 a factor of 2649284481?
False
Is 48 a factor of 297149088?
True
Is 17 a factor of 196491734?
False
Is 64673037 a multiple of 93?
True
Is 87 a factor of 2181676902?
True
Is 26669277 a multiple of 1797?
True
Does 2583 divide 100411542?
True
Is 45210681 a multiple of 173?
False
Does 49 divide 5325173?
True
Is 370254439 a multiple of 284?
False
Is 179285860 a multiple of 260?
True
Does 18 divide 22978167?
False
Is 2 a factor of 15551743?
False
Does 154 divide 22348968?
False
Is 117 a factor of 132539240?
False
Is 125419765 a multiple of 141?
False
Is 83419778 a multiple of 411?
False
Does 128 divide 571566720?
True
Is 933329535 a multiple of 115?
True
Is 475263670 a multiple of 1388?
False
Is 75796908 a multiple of 44?
True
Is 1769091 a multiple of 23?
True
Does 10 divide 107118120?
True
Does 70 divide 3519020837?
False
Is 25355595 a multiple of 5?
True
Does 4 divide 29738904?
True
Does 16554 divide 3905187924?
True
Is 13 a factor of 84006520?
True
Does 1060 divide 3485280?
True
Is 19404752 a multiple of 775?
False
Is 55853572 a multiple of 41?
False
Is 83 a factor of 58174949?
True
Is 29105135 a multiple of 974?
False
Is 14139840 a multiple of 5?
True
Is 2809 a factor of 35536659?
True
Is 3553 a factor of 667981765?
True
Does 386 divide 10940012?
True
Does 1255 divide 74752803?
False
Is 105 a factor of 2896397600?
False
Is 35 a factor of 282182498?
False
Is 280 a factor of 202475560?
True
Does 17 divide 190381623?
True
Is 17 a factor of 152534574?
True
Does 2097 divide 103204649?
False
Is 177171170 a multiple of 2549?
False
Does 48 divide 49242276?
False
Is 8833 a factor of 1005469413?
False
Does 440 divide 9992680?
False
Is 231 a factor of 3562089993?
True
Is 17668861 a multiple of 420?
False
Is 48 a factor of 48612144?
True
Does 2087 divide 308628146?
False
Does 263 divide 950008863?
True
Does 15450 divide 2678968200?
True
Is 31360575 a multiple of 25?
True
Does 10 divide 30699500?
True
Is 120 a factor of 34276560?
True
Is 23112576 a multiple of 14?
False
Is 136149504 a multiple of 24?
True
Is 307 a factor of 1531128905?
False
Is 10 a factor of 88672637?
False
Is 208 a factor of 206150894?
False
Does 121 divide 80213645?
False
Does 572 divide 9135198?
False
Does 11 divide 2404193?
True
Does 7 divide 8876745?
False
Does 13 divide 4127089?
False
Is 131 a factor of 97147504?
True
Is 159445295 a multiple of 577?
True
Is 2056 a factor of 69054872?
True
Does 74 divide 45362501?
False
Is 84 a factor of 55527108?
True
Is 111770784 a multiple of 36?
True
Is 19 a factor of 754426023?
False
Is 77 a factor of 1459146381?
True
Does 12 divide 13649964?
True
Is 554272397 a multiple of 131?
True
Does 41 divide 12017178?
False
Is 113 a factor of 34083738?
True
Is 59786421 a multiple of 54?
False
Does 5086 divide 165888931?
False
Is 185807424 a multiple of 16?
True
Is 407 a factor of 1152010596?
False
Is 17 a factor of 96616491?
True
Is 7 a factor of 146892389?
True
Is 146515830 a multiple of 196?
False
Is 1987020 a multiple of 315?
True
Is 169 a factor of 421246850?
False
Is 1697 a factor of 114415134?
True
Does 42 divide 146819610?
True
Is 4301911266 a multiple of 5262?
True
Does 90 divide 1236147670?
False
Is 5082596 a multiple of 176?
False
Is 727 a factor of 52626076?
True
Is 15 a factor of 20243490?
True
Is 794 a factor of 142627539?
False
Is 6950306 a multiple of 11?
True
Is 3923961672 a multiple of 11?
False
Is 394 a factor of 109924030?
True
Is 273 a factor of 327457221?
True
Is 1095 a factor of 145658349?
False
Does 34 divide 1735247?
False
Is 53605706 a multiple of 650?
False
Is 332314164 a multiple of 6?
True
Does 390 divide 82373878?
False
Is 817500 a multiple of 9?
False
Is 991736 a multiple of 9?
False
Is 287 a factor of 313495553?
True
Is 1103 a factor of 14184580?
True
Does 547 divide 3534362317?
False
Is 15 a factor of 938677924?
False
Is 8 a factor of 160318319?
False
Is 33 a factor of 81398691?
True
Is 14534083 a multiple of 174?
False
Is 204 a factor of 253438176?
True
Does 11 divide 87252331?
False
Is 1916411250 a multiple of 6207?
True
Is 111713445 a multiple of 873?
True
Does 16 divide 56578176?
True
Is 815631875 a multiple of 125?
True
Is 883 a factor of 159204429?
False
Is 246 a factor of 199593456?
False
Is 10 a factor of 2121670?
True
Does 71 divide 53904255?
False
Does 147 divide 2346542114?
False
Does 490 divide 148210300?
True
Is 39 a factor of 337848908?
False
Does 1899 divide 218631230?
False
Does 18 divide 2683982556?
True
Is 11 a factor of 42476470?
False
Does 65 divide 21187595?
True
Is 2088 a factor of 143260355?
False
Does 684 divide 729970272?
True
Does 5163 divide 2977135684?
False
Is 2714 a factor of 72021780?
False
Is 145 a factor of 35291260?
True
Is 193 a factor of 113117879?
True
Is 512267827 a multiple of 2361?
False
Is 49 a factor of 51167569?
False
Is 12371403 a multiple of 173?
True
Is 562919232 a multiple of 408?
True
Is 2314 a factor of 95357626?
True
Is 12 a factor of 68477730?
False
Is 1700789513 a multiple of 85?
False
Is 611652559 a multiple of 800?
False
Does 3500 divide 42049000?
True
Is 29 a factor of 598286659?
False
Is 105 a factor of 175185570?
True
Does 1944 divide 59457240?
True
Is 264385474 a multiple of 585?
False
Does 5110 divide 62384110?
False
Is 36312224 a multiple of 43?
False
Is 28 a factor of 271231155?
False
Is 492 a factor of 204778272?
True
Is 140 a factor of 42819239?
False
Does 13 divide 161041426?
True
Is 7 a factor of 65521222?
False
Is 3190 a factor of 426193570?
True
Is 40019462 a multiple of 362?
True
Is 18 a factor of 8617644?
True
Is 244758978 a multiple of 11?
False
Is 76111505 a multiple of 111?
False
Is 855075524 a multiple of 5708?
True
Is 1926187 a multiple of 17?
False
Does 2830 divide 391513520?
True
Is 4 a factor of 1722360653?
False
Is 2241877978 a multiple of 13?
False
Is 66 a factor of 12410310?
True
Is 846 a factor of 38537838?
True
Is 382 a factor of 6096142?
False
Is 775 a factor of 138505675?
True
Is 3 a factor of 110825946?
True
Is 33 a factor of 69081441?
True
Is 17518112 a multiple of 16?
True
Is 764 a factor of 17720980?
True
Is 2036 a factor of 174794672?
True
Is 2757692954 a multiple of 4897?
False
Is 17 a factor of 205852413?
False
Does 34 divide 2115272917?
False
Is 646 a factor of 206052682?
True
Does 120 divide 35178142?
False
Is 7920270 a multiple of 206?
False
Does 195 divide 142894258?
False
Is 625067334 a multiple of 13?
False
Is 17 a factor of 431872111?
False
Is 19 a factor of 2549699?
False
Is 12 a factor of 40293180?
True
Does 663 divide 3451980441?
True
Is 67 a factor of 19662752?
False
Does 1398 divide 437404932?
False
Is 31 a factor of 112896575?
True
Does 221 divide 1004962140?
True
Does 2976 divide 48160907?
False
Does 25 divide 242346025?
True
Does 20 divide 1328960?
True
Is 2555 a factor of 17264979?
False
Is 219483521 a multiple of 322?
False
Does 16 divide 176061032?
False
Does 33 divide 273065234?
False
Does 8 divide 28306880?
True
Is 2464766997 a multiple of 329?
True
Is 23432341 a multiple of 14?
False
Does 99 divide 102699531?
True
Is 50121488 a multiple of 3?
False
Does 114 divide 721118311?
False
Is 49755486 a multiple of 46?
True
Does 777 divide 11511255?
True
Is 2139 a factor of 278807955?
True
Does 44 divide 8691408?
True
Is 3113 a factor of 706212121?
False
Is 51863220 a multiple of 18?
True
Is 101 a factor of 18673351?
False
Is 198411087 a multiple of 4?
False
Is 109056140 a multiple of 166?
False
Is 1104780768 a multiple of 4152?
True
Is 333 a factor of 2875632149?
False
Does 25 divide 32612075?
True
Does 155 divide 1913578?
False
Does 1649